) = 2*v**2 - 5*v**2 + 0*v**2 + 5*v**2 - 13*v + 9. Calculate the remainder when 45 is divided by p(7).
13
Suppose -6*o = -13*o + 448. Let v = -32 + o. Calculate the remainder when v is divided by 9.
5
Let f = -1219 + 1251. What is the remainder when 176 is divided by f?
16
Calculate the remainder when 107 is divided by 9 + -12 + 1 + 19*2.
35
Let v(u) = -u + u**2 - 1 + u - 1 - 3*u. Calculate the remainder when v(9) is divided by 18.
16
Let c = 11 + -8. Suppose c*t + 4*x = 29, 5*t - 35 - 24 = 4*x. Calculate the remainder when t is divided by 7.
4
Suppose 52 = -5*d - 4*u - 20, 3*d + 33 = u. Calculate the remainder when 33 is divided by 3/(d/8)*-6.
9
Let s(j) = 2*j**2 + 2*j - 5. Let r be s(-5). Let f be (-3)/(-6) + r/(-2). Let t = f + 20. What is the remainder when 10 is divided by t?
1
Let i be 9 + 8 - 6/(-2). Suppose y + i = 2*y. What is the remainder when y is divided by 8?
4
What is the remainder when ((-876)/24)/(6/(-12)) is divided by 4?
1
Let q = 36 - 31. Suppose -1 - 3 = -3*v + h, 5*h = -q*v. Let p(y) = 10*y**3 + 3*y**2 - 4*y + 2. Calculate the remainder when 43 is divided by p(v).
10
Suppose -3*x + 75 = 6. Suppose 0 = 3*o + 5*g - 58, 2*o - 2*g - x - 5 = 0. Let y(l) = -8*l**3 + l**2 + l + 1. What is the remainder when o is divided by y(-1)?
7
Suppose o - 15 = -3*w + 37, w - 116 = -3*o. Suppose -c = -5*c - 4, c = 3*z - o. What is the remainder when 33 is divided by z?
9
Suppose 2*u = -u + 15. Calculate the remainder when 50 is divided by u*(208/(-20))/(-4).
11
Let t = 786 - 634. What is the remainder when t is divided by 31?
28
Suppose l - 5*l = -92. Suppose -3*i - 5*j + 21 + 40 = 0, 2*j = 3*i - 26. Calculate the remainder when l is divided by i.
11
Let s(j) = -34*j + 2. Let x be s(-3). Suppose g + g = x. Suppose 7*n - g = 3*n. What is the remainder when 50 is divided by n?
11
Suppose 28*t + 9*t - 5476 = 0. Calculate the remainder when t is divided by 22.
16
Suppose 0 = 2*r - 3 - 7. Suppose 0 = 5*j - 2*p - 44, 2*j + r*p - 9 + 3 = 0. Calculate the remainder when 20 is divided by j.
4
Suppose 0 = y - 4*n - 160, -2*n - 3*n = 25. Let d = y + -72. Let m = -24 + d. Calculate the remainder when m is divided by 15.
14
Let g = 78 + -56. What is the remainder when g is divided by (3/(-2))/((-6)/32)?
6
Calculate the remainder when 258412/836 - (-4)/(-38) is divided by 8.
5
Let d be (-220)/18 + 10/45. Let v be -2*(-4)/(d/(-15)). Suppose -2*q = -7*q + v. Calculate the remainder when 5 is divided by q.
1
Suppose 2*d = -3*j + 54, -2*j - d = 2*d - 41. What is the remainder when 26 is divided by j?
10
Let l = -147 - -230. Let v be (-1)/2 + (-201)/(-6). Suppose -5 + v = p. Calculate the remainder when l is divided by p.
27
Let u = 641 + -635. Suppose m = -3*m + 92. Calculate the remainder when m is divided by u.
5
Let k = -15 - -29. Let h(c) = -c**2 - 7*c + 5. Let z be h(-7). Suppose -j - 4*g = -z - 3, -j + 1 = -3*g. Calculate the remainder when k is divided by j.
2
Suppose -5*h - 162 = -39*h + 8. Calculate the remainder when 8/1 - 1*2 is divided by h.
1
Let b(g) = g**3 - 9*g**2 + 7*g + 11. Let i be b(8). Let u be 145/15 - 2/i. Let j = 13 - u. What is the remainder when j is divided by 2?
0
Suppose 0 = 2*c + 3*p - 3, -4*c + 4*p - 4 = c. Suppose c = -i + 14*i - 871. What is the remainder when i is divided by 7?
4
Let i(q) = -q**2 + 18*q + 160. Let l(o) = o + 2. Suppose -5*n - 4*v = -51, 6*n = n + 5*v + 15. What is the remainder when i(24) is divided by l(n)?
7
Suppose 0 = -3*h + 3*k + 405, -5*h - 7*k + 3*k + 630 = 0. Suppose -r = -3*d + 206 - 88, 4*r = 3*d - h. What is the remainder when d is divided by 20?
18
Suppose 8*h = -91 + 427. What is the remainder when ((-8)/6)/((-2)/45) is divided by (-7)/h + 67/6?
8
Let t = 25 - 23. Suppose -5*u = t*j - 511, u = j + 4*j - 1237. What is the remainder when (15/(-10))/((-6)/j) is divided by 17?
11
Suppose -2*w = -6*s - 4 - 62, 152 = 5*w - 2*s. What is the remainder when 746 is divided by w?
26
Suppose 0 = c + 4 - 54. Let a = 23 - 55. Calculate the remainder when c is divided by (208/a)/((-1)/2).
11
Let w(p) = 14*p + 1. Let t be w(-1). What is the remainder when 53 is divided by 15 - 11 - (t - 1)?
17
Suppose -4*z - 6*j = -5*j - 44, -4*z + 5*j + 68 = 0. What is the remainder when (-10)/45 + (-524)/(-9) is divided by z?
10
Let j(m) = 8*m**2 + 3*m + 1. Suppose 3*g + 5*g - 104 = 0. Calculate the remainder when j(-3) is divided by g.
12
Suppose -2*k = -3*m - 454, -3*m - 159 - 74 = -k. What is the remainder when k is divided by 28?
25
Suppose 22*p - 18*p - 4 = 0. Let a(d) = 11*d. Calculate the remainder when (129/6)/((-2)/(-4)) is divided by a(p).
10
Suppose 4*g + 42 = v - g, 0 = -5*v + 4*g + 126. What is the remainder when v is divided by 18?
4
Let r be ((-9)/(-3))/(((-4)/4)/(-5)). Suppose -c - 10 = -r. What is the remainder when 13 is divided by c?
3
Let u = 126 + -114. Let v = -105 - -176. What is the remainder when v is divided by u?
11
Let d = 175 - 119. Let j = d - 48. Calculate the remainder when 29 is divided by j.
5
What is the remainder when (126/(-5))/7*280/(-21) is divided by 15?
3
Let f(y) = 127*y**2 - 15*y + 1. Calculate the remainder when f(-1) is divided by 3.
2
Let f(j) = j**2 - j + 1. Let b(w) = w**2 + 11*w + 4. Let i(v) = b(v) - 2*f(v). Let c be i(10). What is the remainder when 18 is divided by 5/(20/c) - -2?
8
Let f(y) = 2*y**2 + y - 10. Calculate the remainder when f(6) is divided by 23.
22
Suppose 2*s - 2 = 4*l, 2*s + s = 2*l + 15. Suppose h + 19 = n + 3, 2*h = -4*n + 58. Calculate the remainder when (26/3)/(5/n) is divided by s.
5
Let o = -5 - -8. Suppose 3*w + w = -x - 23, 5*x = o*w. What is the remainder when 43 is divided by (1 + w)*150/(-40)?
13
Let i(f) = f**3 - 2*f**2 + 5*f - 4. Let g be i(1). Suppose g = 8*p - 4*p - 80. Calculate the remainder when 79 is divided by p.
19
Let h(w) = -w + 18. Calculate the remainder when h(-24) is divided by 18.
6
Suppose -4*o = 2*d - 80, -42*o - 173 = -4*d - 37*o. What is the remainder when 114 is divided by d?
30
Suppose 0*o + 2*o + 3*k - 40 = 0, -3*o + k = -38. Suppose 2*r - o = 24. What is the remainder when 74 is divided by r?
17
Let s = 43 + 6. Calculate the remainder when s is divided by 13.
10
Let i = -3 + 4. Let l be (-3)/1 - -9 - i. Suppose 127 = 5*y - 3*w - w, l*y = 3*w + 129. Calculate the remainder when y is divided by 7.
6
Let d = -22 + 50. Let h(t) = -3*t + 1. What is the remainder when d is divided by h(-5)?
12
Suppose -y = a, y + 4*y + 3*a = 0. Let x(c) = -c**3 - c + 130. Let l be x(y). Suppose 5*f + 0*f = l. What is the remainder when f is divided by 9?
8
Suppose -i - 29*r = -25*r - 377, 1079 = 3*i - r. What is the remainder when i is divided by 125?
111
Let w(l) = 238*l**2 - l. Let h be w(1). Suppose 3*y - 33 = q + 109, -5*y = -2*q - h. Let r = -7 - -17. What is the remainder when y is divided by r?
7
Let s = 140 - 138. Suppose -8 = -s*f, 16 = 4*o - 0*o - f. What is the remainder when o is divided by 3?
2
Suppose 84*l - 460 = 61*l. Calculate the remainder when 397 is divided by l.
17
Let x(z) = z**3 + 3*z**2 + 2*z + 2. Let b be ((-8)/20)/((-2)/(-10)). Let w be x(b). Calculate the remainder when -86*3/(-3*w) is divided by 12.
7
Let x(s) = -3*s**3 + 3*s**2 + 9. Let d be x(-3). Suppose -4*z + d = -151. Calculate the remainder when z is divided by 36.
31
Suppose -3*q - 1 = -7, 443 = 5*l - q. What is the remainder when 529 is divided by l?
84
What is the remainder when -5 - ((-87)/116)/((-2)/(-128)) is divided by 22?
21
Calculate the remainder when 6*7/21 - 360/(-4) is divided by 20.
12
Let b(s) = -s**2 - 21*s. Let x = 1 + -18. Calculate the remainder when b(x) is divided by 24.
20
What is the remainder when 10 is divided by ((-20)/6)/(13/(-39))?
0
Let o = 86 + -82. Suppose -z - o*f = -9, -2 - 5 = -z - 2*f. Calculate the remainder when 22 is divided by z.
2
Suppose -264 = -6749*g + 6741*g. Suppose -6*p + 920 = -2*p. Calculate the remainder when p is divided by g.
32
Suppose -6*g = 37*g - 4214. Calculate the remainder when g is divided by 50.
48
Suppose 4*p = u + 2*p - 64, 5*u = -13*p + 343. Let w(j) = 2*j**2 - 4*j + 1. Calculate the remainder when u is divided by w(4).
15
Suppose o - 173 - 7 = 0. Suppose t + 5*d - 86 = 0, -2*t + o = 2*d - 32. What is the remainder when t is divided by 23?
19
What is the remainder when ((-260)/4)/(0 - 1) is divid